e 6*p - 2*p = -5*j - 3, 0 = 4*j + p + 9. Let m(a) = -a**3 + 3*a + 4. Calculate the remainder when m(j) is divided by h.
4
Let q = -10707 - -10780. What is the remainder when 120 is divided by q?
47
Calculate the remainder when -13*519/(-3) + 2 + -34 + 30 is divided by 30.
27
Let o(j) = 9*j + 186. Let s be o(-9). Suppose 25*g = 3705 - s. Calculate the remainder when g is divided by 44.
12
Let l(d) = -8*d + 14. Let k be l(2). Let u be 2/(-24)*k + (-153)/(-54). Let h(t) = 3*t**3 - 4*t**2 - 1. What is the remainder when h(u) is divided by 12?
8
Let w(q) = -103*q + 626. Suppose -5*x = 4*i - 270, 8*x - 7*x + 3*i - 54 = 0. What is the remainder when w(4) is divided by x?
52
Let g(p) = p**3 + 15*p**2 - 6*p + 20. Suppose 3*j = l - 3*l + 47, l - 4*j - 7 = 0. Calculate the remainder when g(-15) is divided by l.
15
Suppose 3*v - 22 = -1, -m + 41 = 4*v. What is the remainder when 449 is divided by m?
7
Let k(g) = g**3 - 2*g**2 - 2*g - 13. Let i be k(9). Calculate the remainder when 151 is divided by i/38 + (-4)/38.
11
Let q = -133 - -151. Suppose 0 = -3*s - r + 91, 3*s - 13*r + 6*r - 59 = 0. What is the remainder when s is divided by q?
11
Let g(x) = 26*x + 1850. Suppose 5 - 2 = d. Calculate the remainder when g(-71) is divided by d.
1
Let p(v) = 7*v - 26. Let s be p(3). Calculate the remainder when (-5)/s - (-6 - 223) is divided by 27.
14
Let x = -62 - -56. Let l(a) = a**3 + 7*a**2 - 3*a + 18. Let m be l(x). Suppose -m = u - 100. Calculate the remainder when u is divided by 16.
12
Suppose -2*k + 44 = -4*b, 5*b + 2*k + 67 = 3. Let f(p) = 40*p**2 + p. What is the remainder when f(1) is divided by 4*2/b*1134/(-36)?
20
Suppose 2*x + 533 = -k + 662, 5*k = x + 711. What is the remainder when 222 is divided by k?
81
Suppose -r + 36 = -4*z, 0 = 2*r - 50*z + 47*z - 57. Calculate the remainder when 312 is divided by r.
0
Suppose 69 = 2*a - 3*t, 0*a + 2*a - 75 = 5*t. Suppose -5*l = -4*u + 101 - a, -25 = -5*l. What is the remainder when 122 is divided by ((-80)/u)/((-2)/15)?
22
Suppose 0 = 3*i - 4*i + 4*n - 13, -4*i = 5*n - 11. What is the remainder when -7 - (i + 1 - 820) is divided by 102?
99
Let q(i) = 4*i + i + 0*i + 14 - 6*i. Suppose -4*k = -b + 4, -5*k = -0*b - 2*b + 5. What is the remainder when q(b) is divided by 4?
2
Suppose 5*r - r = 60. Calculate the remainder when (-10746)/(-72) - (-2)/32*-4 is divided by r.
14
Suppose 26*o + 160 = 30*o. What is the remainder when 6077 is divided by o?
37
Suppose 525*d - 493*d - 152576 = 0. Calculate the remainder when d is divided by 18.
16
Let y(t) = -59*t + 12. Let v be y(-2). Let b = -128 + v. Suppose -b*g + n + 259 = 0, g = -g - 3*n + 263. Calculate the remainder when g is divided by 12.
10
Suppose 114*k - 2005 - 1187 = 0. What is the remainder when 1651 is divided by k?
27
Let q(f) = 18*f**2 + 109*f - 12. Calculate the remainder when q(-9) is divided by 149.
18
Let w(q) = -q**3 + 3*q**2 - 7*q + 6. Let b be w(7). Let a = b + 147. Calculate the remainder when 40 is divided by (-33)/(-77) + a/(-14).
5
Suppose 201*v + 183*v = 400*v - 2560. Calculate the remainder when v is divided by 152.
8
Suppose 0 = 4*x - 19 - 13. Let d(k) = k - 8. Let m be d(10). Suppose -f + m*f = -5*t + 25, 3*f = -4*t + 53. What is the remainder when f is divided by x?
7
Suppose -15 = 5*j, 2*h - 25*j = -29*j - 4. Calculate the remainder when (-3)/12 - 525/40*-2 is divided by h.
2
Suppose 0 = -9*c + 19 + 17. Calculate the remainder when (-14)/c - (-9345)/30 is divided by 106.
96
Suppose 153*x + 216 = 4*c + 149*x, -238 = -5*c - 3*x. What is the remainder when 3999 is divided by c?
49
Let i(m) = -m + 2532. Calculate the remainder when i(53) is divided by 124.
123
Suppose 42 = -35*h + 392. What is the remainder when 454 is divided by ((-3)/5 - (-496)/h) + -3?
40
Let g(a) = -44*a + 3650. Calculate the remainder when g(70) is divided by 134.
34
Let x = 411 + -287. Suppose -5*a - 11*n + 9*n = -x, 10 = 5*n. Calculate the remainder when 262 is divided by a.
22
Suppose 4508 = 4*k + 4*m, -3*m + 2270 = 2*k - 5*m. Suppose 24*w = k + 645. Calculate the remainder when w is divided by 61.
13
Suppose 4*w - z - 726 = -2*z, -3*w - 4*z + 525 = 0. Calculate the remainder when 6034 is divided by w.
178
Suppose l - 568 = 5*a, -3*l + 3*a = -1390 - 242. What is the remainder when l is divided by 164?
46
Suppose -4*m + 228 = 2*m. Suppose -31*k = -m*k + 882. What is the remainder when k is divided by 22?
16
Let r(f) = 2*f - 2. Let t(x) = 26*x + 16. Let s(g) = -12*r(g) + t(g). Calculate the remainder when 82 is divided by s(-13).
12
Suppose -5*y + 1776 + 154 = 0. Suppose 2*z = 4*j - y, -j - 5*z = -110 + 19. Let u = j - 78. Calculate the remainder when u is divided by 11.
7
Let a(i) = i**3 + 16*i**2 + 14*i - 7. Let t(j) = -5*j + 20. Let b be t(7). What is the remainder when 135 is divided by a(b)?
7
Let f(l) = 3*l**2 - 118*l - 16. What is the remainder when f(-14) is divided by 370?
4
Let v be -9 + 9 - (-1 + 3). Let j be ((-4)/(-6))/(v/(-33)). Suppose j*b - 3*b - 104 = 0. Calculate the remainder when 63 is divided by b.
11
Let h = -123 - -201. What is the remainder when (40 - 42)/((-4)/h) is divided by 8?
7
Suppose -15*q = -20*q + 25. Suppose -q*g + 186 = -29. What is the remainder when g is divided by 8?
3
Suppose 46*q - 24376 - 14909 + 1427 = 0. Calculate the remainder when q is divided by 15.
13
Let z(x) = x**2 + 2*x - 25. Let j be z(16). Let w = -256 + j. Let f = 37 - 6. What is the remainder when f is divided by w?
3
Suppose 0 = 5*l + 15, 0 = -4*t + 9*l - 6*l + 1093. Let a = 234 + t. Calculate the remainder when a is divided by 22.
21
Calculate the remainder when (-4)/((-48)/55332) - 25 is divided by 82.
76
Suppose 4*h = -8, 2*h + 96 = 4*r + 24. What is the remainder when 82 is divided by r?
14
Let t(y) be the second derivative of -y**5/10 - y**4/6 + y**3 + 20*y. What is the remainder when 50 is divided by t(-3)?
14
Let o = -9063 - -10619. Calculate the remainder when o is divided by 15.
11
Suppose -2*q - 82 = 5*n - q, q + 2 = 0. Let w = n - -40. Suppose 3*h = -5*d + 133, 6*h + 10*d - 275 = 9*d. Calculate the remainder when h is divided by w.
22
Let w be ((-2)/(-4))/((-20450)/(-2556) + -8). Let f = 702 - w. Suppose -4*k + 40 = -56. Calculate the remainder when f is divided by k.
15
Suppose -g + 46 = -104. Let u = g - 70. Suppose -5*b + u = 2*z, -52 + 19 = -2*b - z. What is the remainder when 23 is divided by b?
9
Suppose 18*h - 296 - 244 = 0. What is the remainder when 59 is divided by 9/(27/h)*(-6)/(-15)?
3
Suppose -184*x + 242775 = 41*x. Calculate the remainder when x is divided by 9.
8
Let h(z) = 7*z**3 + 1226*z**2 + 175*z + 155. Calculate the remainder when 638 is divided by h(-175).
18
Let i = -21 - -14. What is the remainder when 0 + 20 - (4 - (-7 - i)) is divided by 13?
3
Suppose -3318*f = -3301*f - 935. Calculate the remainder when f is divided by 8*2 - 45/15.
3
Let y(d) = -2*d**3 - 5*d**2 - 5*d - 4. Let a be y(-4). Let j = a + -24. Let b = -21 + j. What is the remainder when 53 is divided by b?
15
Let n(o) = -17*o + 5. Let p be n(-2). Suppose 4*t + 9*t = p. Suppose t*y - 143 = 4*c, 8*y = 3*y + 5*c + 245. What is the remainder when y is divided by 12?
5
Suppose 29*k + 80*k - 61367 = 0. What is the remainder when k is divided by 41?
30
Suppose 5*d = 0, -4*b + 44 = -0*b + d. Suppose 5*v - 128 = -3*h + 195, 320 = 3*h + 2*v. Calculate the remainder when h is divided by b.
7
What is the remainder when 130 is divided by (-5412)/(-891) - (-12)/(-162)?
4
Let m(b) = b + 16. Let a be m(-6). Suppose -2*z = a*z - 48. Calculate the remainder when 4 is divided by z.
0
Let r(w) = 12*w. Suppose -25*j = -24*j - 1. Let f(g) = -g + 46. Calculate the remainder when f(0) is divided by r(j).
10
Let j(o) = 2*o - 486 + 494 + 3*o. Calculate the remainder when 23 is divided by j(0).
7
Let x = 12 + 22. Let t = 40 - x. Suppose -t*n + 50 = -n. What is the remainder when 14 is divided by n?
4
Let b(r) = -3*r**3 - 5*r**2 + 19*r - 2. Suppose -200 = -7*l + 57*l. What is the remainder when b(l) is divided by 7?
6
Suppose 5*i = -5*c - 395, -4*c = i - 0*c + 91. Let a = i + 106. Calculate the remainder when a is divided by 16.
15
Let y(o) = 11*o + 228. Let l = 539 + -528. What is the remainder when y(-3) is divided by l?
8
Let p(f) = 6*f - 62 - 12*f + 10. Let x = 1696 - 1708. Calculate the rema